. What are the prime factors of v(h)?
2
List the prime factors of ((-79)/(-1))/((-2)/(1 + -41)).
2, 5, 79
Suppose 181 + 365 = 2*l. Suppose -l + 48 = -5*h. List the prime factors of h.
3, 5
Suppose -i + 9 = -5*a, -24 = 2*i + 3*a + a. Let x be i/(-9) + (-7)/(-3). Suppose -42 = x*v - 186. What are the prime factors of v?
2, 3
Let q = -158 - -306. What are the prime factors of q?
2, 37
Suppose 555 = 5*v + 5*z, -2 - 18 = 5*z. Suppose 2*g + 3*b - 132 = 0, 5*g = b + 198 + v. List the prime factors of g.
3, 7
Let u = 534 - -160. What are the prime factors of u?
2, 347
Suppose -4*q - 527 = -5*q + 5*x, 0 = -3*q - 5*x + 1481. List the prime factors of q.
2, 251
List the prime factors of 166/(-2)*3/(-9)*3.
83
Let q = 3 - -1. Let l(z) = -2*z**2 + 6*z + 5. Let v be l(q). Let c = 27 + v. What are the prime factors of c?
2, 3
Suppose 0 = -3*x - 10*p + 5*p + 67, -2*p + 66 = 4*x. Suppose 1748 + 716 = x*s. What are the prime factors of s?
2, 11
Let w = 119 - -27. What are the prime factors of w?
2, 73
Let i be ((-18)/54)/((-2)/30). Let z(y) = y**3 - 4*y**2 + 6*y + 3. List the prime factors of z(i).
2, 29
Let l = 1663 + -436. What are the prime factors of l?
3, 409
Suppose -z - 4*z + 130 = 0. Let x = z + -56. Let n = 48 + x. List the prime factors of n.
2, 3
Let r(w) = -2*w + 8. Suppose 0 = s + 10 + 9. Let f = s + 8. What are the prime factors of r(f)?
2, 3, 5
Let k = -5396 - -8482. What are the prime factors of k?
2, 1543
Let t(g) = 14*g**2 + 29*g - 131. List the prime factors of t(9).
2, 79
Suppose -t + 228 = 3*g, 0 = 6*t - 7*t + g + 240. What are the prime factors of t?
3, 79
Let z = 82 + -75. Suppose -z*n + 282 = -5*n. What are the prime factors of n?
3, 47
Suppose 2*o + 5*y - 996 = y, -998 = -2*o - 3*y. What are the prime factors of o?
2, 251
Let q(f) = -31*f + 9. Let b(u) = -10*u + 3. Let d(t) = -7*b(t) + 2*q(t). List the prime factors of d(4).
29
Let i = -146 + 146. List the prime factors of (i - (-8)/(-10))*(53 + -233).
2, 3
Let c = 1625 - 1132. What are the prime factors of c?
17, 29
Suppose -5*q + 6842 = t, 21*q - 22*q = 5*t - 1354. List the prime factors of q.
37
Let p(n) = n**3 + 23*n**2 - 33*n - 50. List the prime factors of p(-22).
2, 5, 29
Suppose -5*s - 78 = 3*z - 491, -2*z = 4*s - 330. Let x = -52 + s. What are the prime factors of x?
2, 3, 5
Let j = -184 - -651. What are the prime factors of j?
467
Let d = 33 - 7. Let y = d + -17. List the prime factors of y.
3
Suppose 2*p - 3*r - 6784 = 0, p + 1156 - 4550 = 2*r. What are the prime factors of p?
2, 1693
Let n = 5873 + -728. What are the prime factors of n?
3, 5, 7
Suppose -10*w - 24 = -11*w. List the prime factors of (166/3)/(16/w).
83
List the prime factors of (9/(-6))/(((-23)/(-1560))/(-23)).
2, 3, 5, 13
Suppose -3*l + 3521 = -5*a, -l - 3*a + 917 = -280. What are the prime factors of l?
2, 3, 197
Let v(a) = a**3 - a**2 + 2*a + 5. Let n be v(4). Suppose 59 = -5*l + 6*l - 5*k, l - n = 4*k. What are the prime factors of l?
3, 23
List the prime factors of (2302/6)/(11*(-6)/(-198)).
1151
Suppose 0 = 29*p - 32*p + 162. What are the prime factors of p?
2, 3
Let v(j) = j**2 + j - 2. Let l be v(1). Suppose -7*n + 429 + 173 = l. What are the prime factors of n?
2, 43
What are the prime factors of 4073 + (-21)/7 + -9?
31, 131
What are the prime factors of 1404/15*(-1)/(-1)*5?
2, 3, 13
Let n be 38/(-10) + 7/(-35). Let l be (-8)/(n - -2) + -67. What are the prime factors of (270/l)/(2/(-14))?
2, 3, 5
Suppose -3*m - 100 = -28. Let r be 2/m*-4*9. Suppose 116 = -0*h + r*h - 4*y, 164 = 4*h + 4*y. What are the prime factors of h?
2, 5
Let r = 6707 + -2884. List the prime factors of r.
3823
Let i(b) = -49*b + 149. List the prime factors of i(-40).
3, 19, 37
Suppose -1430 = -8*q - 574. What are the prime factors of q?
107
Suppose -4*d = -5*m - 753, 0*m = -3*d - 2*m + 582. Suppose -w + 4*w = d. List the prime factors of w.
2
Let j = 9 + 50. Suppose 3*s + 637 + j = 3*w, -5*w = 2*s - 1160. List the prime factors of w.
2, 29
List the prime factors of ((-3684)/(-2))/1 + (-56 - -57).
19, 97
Let c(i) = 6*i + 6. Let a(q) = q. Let w(h) = -5*a(h) + c(h). Let x be w(-10). Let u = x + 9. What are the prime factors of u?
5
Let p = 5645 - 3515. List the prime factors of p.
2, 3, 5, 71
Suppose v = -c - 91, 0 = 3*v - 7*c + 2*c + 249. Let n = v + 144. Let y = -20 + n. What are the prime factors of y?
2, 3
Let o be 18/(-30) - (-126)/10. What are the prime factors of o/66 + (-108)/(-11)?
2, 5
Let o(c) = -c**3 - c + 1. Let g(z) = -3*z**3 + 2*z**2 - 4*z - 10. Let f(b) = -g(b) + 2*o(b). What are the prime factors of f(5)?
97
Suppose 3*v + 4*r + 218 = 0, 4*r = 5*v + 214 + 160. Let p = -22 - v. What are the prime factors of p?
2, 13
Suppose -28*f + 7374 = -18078. What are the prime factors of f?
3, 101
Let y(a) = 203*a + 505. What are the prime factors of y(3)?
2, 557
Suppose m - 4*l = 2*m + 22, 3*l = -2*m - 34. Let y(f) = -f**2 - 14*f + 2. Let j be y(m). What are the prime factors of -1*(2/j + -6)?
5
Suppose 157 = 3*k - 395. Suppose -12*a + 14*a - k = 0. List the prime factors of a.
2, 23
Let i(r) = -r**2 - 8*r - 14. Let n be i(-4). Suppose 106 = n*b - 22. What are the prime factors of b?
2
Let b(s) = -2 + 39*s + 3 - 1. Let h be b(1). Suppose k + 43 = 4*x, -4*k + h = 2*x - k. What are the prime factors of x?
2, 3
Let a(v) = 2*v**2 - 4*v + 1. Let t be a(3). Let g = 22 - t. List the prime factors of 294/g + (-6)/(-15).
2, 5
Suppose y + 2 = 0, -2*z + 3*y + 18 = 2. Suppose 0 = 3*d - 3*m - 21, z*d + 2*m - 28 = -0. List the prime factors of d.
2, 3
Suppose 41*r - 14*r = 2214. What are the prime factors of r?
2, 41
Let i = 80 + -73. Let a(v) = -5*v + 6. Let l(b) = -4*b + 5. Let q(g) = 3*a(g) - 4*l(g). What are the prime factors of q(i)?
5
Suppose l + 2*a - 272 - 843 = 0, 2*a - 5551 = -5*l. What are the prime factors of l?
1109
Let u = 39 - 39. Suppose -i - 65 = -t, u = 2*i - 4 + 2. What are the prime factors of t?
2, 3, 11
Suppose 3*f - 4*j - 66 = 5*f, 94 = -2*f + 3*j. Let u = f + 75. List the prime factors of u.
2, 17
Let w(d) = 21*d**2 + 10*d + 5. What are the prime factors of w(4)?
3, 127
Let a(y) = -y**3 + 9*y**2 - 9*y + 5. Let w be a(8). What are the prime factors of 70 + -2 + 6 + w?
71
Suppose 0 = 28*o - 15767 - 7893. List the prime factors of o.
5, 13
Suppose 62 = -2*p - 70. Let v = p - -107. What are the prime factors of v?
41
Suppose -20*g + 4*g + 20736 = 0. List the prime factors of g.
2, 3
What are the prime factors of 1345/2 + (-17)/(102/9)?
11, 61
Let r(p) = -3*p + 4. Let f(z) = -6*z**2 + 1. Let y be f(1). Let c be -1 - -3 - (0 - y). List the prime factors of r(c).
13
Suppose 2*v = 2*k + 1092 + 1250, 3*v - 4*k = 3514. Suppose 4*p = -11*p + v. What are the prime factors of p?
2, 3, 13
Let o(s) = 2*s + 5. Let v be o(-10). Let x be 4/10 + (-219)/v. Suppose -f + x = -5. List the prime factors of f.
2, 5
Let n(m) = 3*m + 0*m + 121 - 98 - 4*m. List the prime factors of n(-12).
5, 7
Let f(m) = -13*m**2 + m - 1. Let d be f(-1). Let x = d + 114. What are the prime factors of x?
3, 11
Let l = -27 + 29. Suppose -f = 2*q - 431, -3*q + 6*q = l*f + 636. Let o = q - 143. List the prime factors of o.
71
Let n = -1009 - -3077. List the prime factors of n.
2, 11, 47
Suppose -22 - 2 = -3*x. Suppose x*h + 286 = 1182. What are the prime factors of h?
2, 7
Let u(v) = -39*v - 44. Let b = 149 - 158. List the prime factors of u(b).
307
Let i(m) = -m**3 - 15*m**2 - 4*m + 24. Let f(y) = -y**2 + 23*y - 15. Let g be f(23). What are the prime factors of i(g)?
2, 3, 7
Let d(o) = -o**3 + 5*o**2 - 3*o - 1. Let h be d(3). Suppose h*i - 669 = 347. What are the prime factors of i?
127
Suppose -2*c = -i - 33, -5*c + 3*i = -8 - 75. Let g = -10 + c. Suppose -j - g = -3*j. What are the prime factors of j?
3
Let y(i) = -4*i**3 + 13*i**2 - 8*i - 49. Let h(w) = w**3 - 3*w**2 + 2*w + 12. Let q(a) = -9*h(a) - 2*y(a). What are the prime factors of q(-4)?
2, 3, 13
Let k = -7 - -22. Let o be (-8)/12 + 38/3. What are the prime factors of (7 - k)*o/(-2)?
2, 3
Let h be (4/3 - 1) + 30/(-90). Suppose v - 2 = -x - 1, 0 = 3*x + 5*v - 1. Suppose o - 5*j - 77 = h, 2*o + o - x*j - 166 = 0. List the prime factors of o.
2, 13
Suppose -8729 = -4*j + 5*z, -j + 15*z + 2177 = 12*z. List the prime factors of j.
2, 1093
Let w(t) be the second derivative of -t**5/20 + t**4 - 19*t**3/6 - 7*t